
What is the remainder when 23446 is divided by 403?
72
Calculate the remainder when 345611697 is divided by 1785.
1782
Calculate the remainder when 2311916 is divided by 50259.
2
What is the remainder when 20840 is divided by 2030?
540
Calculate the remainder when 491048 is divided by 403.
194
What is the remainder when 28355482 is divided by 13?
12
Calculate the remainder when 21401 is divided by 4046.
1171
What is the remainder when 187869 is divided by 969?
852
What is the remainder when 143399 is divided by 1928?
727
Calculate the remainder when 2221629 is divided by 461.
70
Calculate the remainder when 2903539 is divided by 1623.
1615
Calculate the remainder when 37044549 is divided by 91.
87
What is the remainder when 172705 is divided by 65?
0
What is the remainder when 1034555 is divided by 2134?
1699
Calculate the remainder when 19677 is divided by 789.
741
What is the remainder when 3130765 is divided by 240?
205
What is the remainder when 1857973 is divided by 928982?
9
What is the remainder when 153673 is divided by 48871?
7060
What is the remainder when 1016010 is divided by 145126?
128
What is the remainder when 613565 is divided by 153373?
73
What is the remainder when 28888 is divided by 9000?
1888
What is the remainder when 1462993 is divided by 220?
213
What is the remainder when 22119000 is divided by 171?
150
What is the remainder when 28932 is divided by 2?
0
Calculate the remainder when 2003301 is divided by 100165.
1
Calculate the remainder when 75889162 is divided by 36.
10
What is the remainder when 65596 is divided by 21797?
205
What is the remainder when 6381860 is divided by 10377?
5
What is the remainder when 6435 is divided by 145?
55
Calculate the remainder when 610849 is divided by 97.
40
What is the remainder when 2588659 is divided by 517718?
69
What is the remainder when 15494482 is divided by 900?
82
Calculate the remainder when 412574 is divided by 1182.
56
Calculate the remainder when 562318 is divided by 29.
8
Calculate the remainder when 51081 is divided by 1397.
789
What is the remainder when 508834 is divided by 3714?
16
Calculate the remainder when 1418640 is divided by 1418636.
4
What is the remainder when 14588659 is divided by 62?
59
What is the remainder when 1005833 is divided by 911?
89
Calculate the remainder when 435770 is divided by 435753.
17
Calculate the remainder when 1682516 is divided by 560838.
2
Calculate the remainder when 33664 is divided by 830.
464
What is the remainder when 497694 is divided by 14216?
134
Calculate the remainder when 4997902 is divided by 1665961.
19
Calculate the remainder when 3366539 is divided by 836.
803
What is the remainder when 32453919 is divided by 32617?
4
Calculate the remainder when 197680973 is divided by 239.
10
Calculate the remainder when 164842 is divided by 164842.
0
Calculate the remainder when 38933 is divided by 114.
59
What is the remainder when 39182 is divided by 7846?
7798
What is the remainder when 30884 is divided by 30873?
11
What is the remainder when 71093947 is divided by 222?
1
Calculate the remainder when 2362023 is divided by 62.
9
What is the remainder when 2894768 is divided by 63?
44
What is the remainder when 595545 is divided by 2636?
2445
What is the remainder when 6559596 is divided by 18?
0
Calculate the remainder when 10189816 is divided by 18.
16
Calculate the remainder when 53258 is divided by 2044.
114
Calculate the remainder when 58330 is divided by 18863.
1741
What is the remainder when 2132435 is divided by 177700?
35
What is the remainder when 161668 is divided by 487?
471
What is the remainder when 20081605 is divided by 273?
271
Calculate the remainder when 5645660 is divided by 33806.
58
What is the remainder when 5602479 is divided by 456?
63
What is the remainder when 23925642 is divided by 11962816?
10
What is the remainder when 1619423 is divided by 17595?
683
Calculate the remainder when 430285 is divided by 107571.
1
What is the remainder when 5864660 is divided by 733081?
12
Calculate the remainder when 52770 is divided by 810.
120
What is the remainder when 76009 is divided by 18988?
57
Calculate the remainder when 4230407 is divided by 273.
272
Calculate the remainder when 5396 is divided by 2162.
1072
What is the remainder when 546313 is divided by 1676?
1613
Calculate the remainder when 13458050 is divided by 87961.
17
Calculate the remainder when 112516869 is divided by 156.
153
Calculate the remainder when 1592342 is divided by 2291.
97
What is the remainder when 554029 is divided by 210?
49
Calculate the remainder when 1307188 is divided by 396.
388
Calculate the remainder when 24539791 is divided by 265.
261
Calculate the remainder when 804210 is divided by 4347.
15
What is the remainder when 640195 is divided by 132?
127
Calculate the remainder when 300531381 is divided by 100177124.
9
What is the remainder when 3317753 is divided by 3072?
3065
Calculate the remainder when 417770 is divided by 104.
2
Calculate the remainder when 2451903 is divided by 933.
912
What is the remainder when 127579402 is divided by 3448091?
35
Calculate the remainder when 51545 is divided by 101.
35
What is the remainder when 1330525 is divided by 3483?
19
Calculate the remainder when 7278595 is divided by 38.
37
Calculate the remainder when 61222 is divided by 8417.
2303
What is the remainder when 256182 is divided by 44?
14
Calculate the remainder when 56641212 is divided by 55.
12
Calculate the remainder when 36727 is divided by 3261.
856
Calculate the remainder when 28506419 is divided by 381.
380
What is the remainder when 295131 is divided by 5763?
1218
Calculate the remainder when 2789216 is divided by 24.
8
Calculate the remainder when 24143523 is divided by 10213.
10204
What is the remainder when 853617 is divided by 426805?
7
Calculate the remainder when 169209135 is divided by 2118.
2115
Calculate the remainder when 4246 is divided by 3102.
1144
What is the remainder when 848173 is divided by 9321?
9283
What is the remainder when 4043508 is divided by 768?
756
Calculate the remainder when 42753228 is divided by 60902.
24
What is the remainder when 115960 is divided by 23192?
0
What is the remainder when 408757298 is divided by 556?
554
Calculate the remainder when 12803223 is divided by 183.
177
What is the remainder when 964114 is divided by 516?
226
What is the remainder when 135966837 is divided by 14?
13
Calculate the remainder when 176731 is divided by 2025.
556
Calculate the remainder when 17652187 is divided by 307.
301
What is the remainder when 1067807 is divided by 1340?
1167
What is the remainder when 20901582 is divided by 67?
61
Calculate the remainder when 6900220 is divided by 24.
4
Calculate the remainder when 25982322 is divided by 11238.
66
Calculate the remainder when 440619 is divided by 4456.
3931
Calculate the remainder when 1668795 is divided by 159.
90
What is the remainder when 1384144 is divided by 692067?
10
What is the remainder when 169169 is divided by 5457?
2
Calculate the remainder when 193039 is divided by 179.
77
What is the remainder when 395434210 is divided by 3583?
3581
What is the remainder when 384028 is divided by 864?
412
What is the remainder when 57695 is divided by 379?
87
Calculate the remainder when 378344 is divided by 41424.
5528
Calculate the remainder when 1821912 is divided by 1326.
1314
Calculate the remainder when 864226 is divided by 432033.
160
Calculate the remainder when 1352673 is divided by 12070.
833
What is the remainder when 9345271 is divided by 333745?
411
Calculate the remainder when 8160152 is divided by 4679.
4655
Calculate the remainder when 7208165 is divided by 2402534.
563
What is the remainder when 11766607 is divided by 121305?
22
What is the remainder when 20521759 is divided by 10?
9
What is the remainder when 169359 is divided by 4087?
1792
What is the remainder when 305218 is divided by 152522?
174
What is the remainder when 140636 is divided by 5408?
28
What is the remainder when 189006684 is divided by 506?
504
Calculate the remainder when 10403931 is divided by 7948.
7947
What is the remainder when 12620117 is divided by 4450?
4367
Calculate the remainder when 94815716 is divided by 15.
11
Calculate the remainder when 69